g?
True
Suppose -16*n = 11*n. Suppose n = 15*w - 5084 + 1409. Is w a multiple of 14?
False
Suppose -145*g + 1851555 = -8*g. Does 85 divide g?
True
Suppose 0 = 15*h - 239 + 29. Suppose -5918 = -h*x - 234. Is x a multiple of 58?
True
Let s = 140 + 60. Let x = 346 - s. Let w = x + -74. Does 21 divide w?
False
Suppose -41*p + 36 = -32*p. Suppose u + 9 = g, -p*g = -g + 3*u - 51. Is g a multiple of 3?
False
Let a = -2908 + 2987. Does 2 divide a?
False
Suppose -4*o = -i + 15115 - 4375, -o = 5*i - 53763. Is 6 a factor of i?
True
Suppose -11*d = d - 24. Suppose 2*z - l - 271 = 0, 6*z - 548 = d*z + 4*l. Is z a multiple of 4?
False
Suppose -5*i = -3*q - 2*i + 30, -5*q - 2*i = -15. Suppose 4*x - q*x + 297 = 0. Is 27 a factor of x?
True
Let l = -11914 + 12494. Is l a multiple of 20?
True
Suppose 3*k = -3*u - 213, -3*u + 4*k - 71 = -2*u. Let r be (-148)/37 + 3 + -1 + 85. Let q = u + r. Is 3 a factor of q?
True
Suppose -48*h = -39*h - 40320. Is h a multiple of 14?
True
Let c = 122937 - 55319. Is 30 a factor of c?
False
Is (1 + (-4076)/(-7))*7 + 4/1 a multiple of 67?
True
Let p(u) = 6*u + 1. Let k(j) = -j**3 + 2*j**2 - 2*j + 5. Let d be k(0). Suppose -d*t = v - 4*v - 66, 0 = -2*v + 6. Is p(t) a multiple of 15?
False
Suppose 0 = -4*y + 862 - 70. Let v = 212 - y. Is 7 a factor of v?
True
Is 21843/8 - (-429)/(-1144) a multiple of 17?
False
Suppose -2*a + 16 = -6*a. Let d be (a/(-6))/(2*1/(-96)). Is 69*(-2 - d/12) a multiple of 5?
False
Is (-76 - 105054)*(-2)/20 a multiple of 30?
False
Let n(z) = -z**3 - 3*z**2 - 3*z - 4. Let l be n(-3). Let y(v) = 26 + 6 + 9*v - l*v. Is y(6) a multiple of 7?
True
Suppose -2*b + 12 = -4*j - 18, j + 9 = b. Let w be ((-35)/15 + -1)/((-2)/j). Does 3 divide w/(-3)*234/65?
True
Let v = 6 + 21. Suppose v = -282*m + 283*m. Is m a multiple of 3?
True
Let k(y) be the third derivative of y**5/20 - 7*y**4/24 + 7*y**3/2 - 3*y**2. Let f(o) = o**3 - 19*o**2 - 4*o + 83. Let i be f(19). Is k(i) a multiple of 17?
True
Suppose 4*g = -5*m + 27, 8*m = -4*g + 9*m + 9. Let k(q) = 12*q**3 + 9*q**2 - 28*q + 2. Is k(g) a multiple of 17?
True
Let s(q) be the first derivative of 8*q**2 + 125*q + 48. Is s(-5) a multiple of 15?
True
Let j be (-1 - -6)*1410/25. Let y(c) = -c**2 + 6*c + 1. Let b be y(5). Suppose -j + 1440 = b*x. Is 21 a factor of x?
False
Suppose -53146 = -3*o + 5*n, 74*o - 3*n - 35429 = 72*o. Is o a multiple of 71?
False
Suppose -2*q - 26 = -15*q. Suppose -q*h + 118 + 374 = -4*l, 0 = 2*h - l - 483. Is 5 a factor of h?
True
Suppose -34*t - 736 = -2232. Suppose -5920 = -t*b + 24*b. Is 4 a factor of b?
True
Suppose -137 + 2 = -9*u. Let d be 640/u - 2/3. Let w = 57 - d. Is 3 a factor of w?
True
Let m = 2 + -50. Let v be ((-64)/m)/(2/33). Suppose f - v = -4*y - 0*y, 20 = 5*y. Is 3 a factor of f?
True
Suppose -c + 40642 = x, -292*x + 203154 = 5*c - 295*x. Is 135 a factor of c?
True
Let q = 569 - 449. Is 18 a factor of (q/(-100))/((-4)/1270)?
False
Suppose 29*y - 15 = -c + 24*y, 5*c + 5*y = 75. Suppose c = -5*w + 550. Is 11 a factor of w?
False
Let i be 2/(-5)*22140/(-9). Let t = i + -472. Is 16 a factor of t?
True
Is -11 + 8 + 584*9 a multiple of 12?
False
Suppose 2*u = 4*w - 90842, -32*w + 36*w - 90867 = -3*u. Does 183 divide w?
False
Suppose 101*u = 96*u + 34170. Is u a multiple of 51?
True
Suppose m - k - 1242 = 0, 951*k + 1248 = m + 952*k. Is m a multiple of 20?
False
Suppose 18*a - 14*a = 2*p + 754, 3*p + 573 = 3*a. Suppose -70*w - a = -76*w. Is 21 a factor of w?
False
Let u(r) = -926*r + 5945. Does 217 divide u(-6)?
True
Let q(o) = -o**3 + 15*o**2 - 20*o - 44. Let d be 3713/316 - (-2)/8. Is 74 a factor of q(d)?
True
Let c be (-237)/(-6) - 3/6. Suppose c*y - 41 = 38*y. Is 23 a factor of 3*y - (-13)/((-65)/(-20))?
False
Does 15 divide 7905 + -249 + -3*(-3)/1?
True
Let s(o) = 34*o**2 + 6*o + 10. Let h be 5*(16/5)/2. Suppose -h = 5*y - y. Does 6 divide s(y)?
False
Let u(m) be the first derivative of -3*m**4/4 - 2*m**3/3 - m**2 + 28. Let b be u(-1). Suppose -2*g = 4*d - 98, b = -4*d + 7. Does 22 divide g?
False
Let i(r) = -8*r**3 - 15*r**2 - 23*r - 511. Is i(-10) a multiple of 286?
False
Let p = 10055 - 2495. Does 8 divide p?
True
Does 52 divide (46/(-20))/23 - (-3789768)/80?
True
Let m = 159 - 107. Does 7 divide 150/66*m + 4/(-22)?
False
Let l = 5428 + -2734. Is 45 a factor of -2*(l/(-12) - 5)?
False
Let q be 38/(-114) + 569/6*4. Suppose 0 = -2*a + l + 223, l - q - 175 = -5*a. Is a a multiple of 3?
True
Let p be (-2)/25 + 280568/850. Let i = p + -258. Does 9 divide i?
True
Let t(w) = w**2 + w + 39. Suppose 4*y + 2*r = -50, y + 2*r + 0 = -11. Is 15 a factor of t(y)?
True
Let y = -27 - -30. Suppose 0 = -2*o - y*k + 414, 3*o + 2*k - 620 = -3*k. Suppose 0 = -15*g + 18*g - o. Is g a multiple of 6?
False
Suppose -2*s + 6908 = -2*k, 0 = 100*k - 105*k + 35. Does 44 divide s?
False
Suppose 479*n - 175 = 472*n. Suppose 4644 = -16*i + n*i. Is i a multiple of 43?
True
Suppose 4*n = 4*x - 16, -8 = x + 4*n - 9*n. Suppose -x*i + 414 = -559. Is 8 a factor of i?
False
Suppose 2*w - 41045 = -3*k, -7*w - 68445 = -5*k - 3*w. Suppose 30*b = 13*b + k. Is 26 a factor of b?
False
Suppose -81*c + 1513207 = 406636 - 456324. Does 176 divide c?
False
Suppose 2*c = n + 1111, -6*n + 8*n = 10. Suppose 2*o = 4*o + 3*h - 1123, -o = -2*h - c. Is 28 a factor of o?
True
Let k(s) = -49*s + 22. Let b be k(-4). Let n = b - 116. Is n a multiple of 6?
True
Suppose -3*k + 3*a + 564 = 0, 0 = -2*k - 4*a + 457 - 99. Is 4 a factor of k?
False
Let v(q) = 576*q + 384. Let o be v(8). Suppose 0 = 29*w - 37*w + o. Is w a multiple of 24?
True
Suppose -5*g - 3*k + 23 = 0, 4*g - 5*g = -5*k + 1. Suppose 4*d = 4*q - 892, -233 = -q + g*d - d. Does 8 divide q?
False
Let f(d) = 32*d + 4. Let o be 2*2/(-4) + -17. Let h be (-8)/o*54/12. Is f(h) a multiple of 17?
True
Suppose -m = 3*h - 0*h + 15, 3*m - 4*h + 19 = 0. Let b(p) = p**3 + 10*p**2 + 6*p - 27. Let u be b(m). Suppose 2*c + 8 - 74 = u. Is 12 a factor of c?
False
Suppose 3*t = -2*p + 38, -9*t = -7*t + 2*p - 28. Let x(b) = -b**3 + 13*b**2 - b + 3. Does 4 divide x(t)?
False
Let x = 30 + -26. Let a be x/1 - (-1 + 0). Let g = a + 17. Is 10 a factor of g?
False
Suppose 1325*s - 339570 = 1276*s. Is s a multiple of 6?
True
Suppose -10*z + 63 = 63. Suppose -12*f + 13*f - 560 = z. Is f a multiple of 67?
False
Suppose 10*c + 217781 + 2379 = 90*c. Is 16 a factor of c?
True
Suppose 15*m - 12*m = -678. Let w = -203 - m. Is 14 a factor of w?
False
Let x(k) = -8 - 134*k**2 + 69*k**2 - 27*k + 70*k**2. Does 41 divide x(9)?
False
Let k(w) = w**3 - 16*w**2 - 54*w - 19. Let l be k(19). Suppose -35*o = -l*o + 2061. Is 15 a factor of o?
False
Let f = 31464 + -29569. Does 16 divide f?
False
Let x be 3/(-2)*36/(-6). Suppose p + 0*d = d + 3, -4*d + x = -p. Suppose p*g - 410 = 2*g. Is 13 a factor of g?
False
Let k(c) = 4*c**2 - 9*c - 10*c**2 - 2 - 2*c**2 - c**3 - 2*c**2. Let z be k(-9). Is 14 a factor of (z + 1 + 3)*28?
True
Suppose 4799 = 11*x - 3352. Let q = 986 - x. Is q a multiple of 24?
False
Suppose 0 = 2*d - 6*d + 20. Let t(s) = -2*s**2 - 8*s + 15. Let i be t(-7). Let x = d - i. Does 32 divide x?
True
Suppose -5*d + 41*n = 38*n - 45269, 0 = 4*d + 4*n - 36196. Is d a multiple of 31?
True
Suppose 41*g + 8976 - 37430 = 0. Let d = g - 404. Is 29 a factor of d?
True
Let x(g) be the third derivative of -g**4/6 + 20*g**3 - 218*g**2. Is 18 a factor of x(-24)?
True
Suppose -29*b + 25*b - 1024 = -v, -3*b = 12. Does 144 divide v?
True
Suppose 152*h = 75*h + 2322320. Is 16 a factor of h?
True
Let u(h) = -365*h + 2851. Is 18 a factor of u(5)?
True
Suppose 5*u + 20 = 9*u. Let c be (4/u)/(-2 + 1444/720). Let v = -76 + c. Is 23 a factor of v?
False
Let w = -291 - -294. Suppose 4*d + l = 2653, 0 = -2*d - 7*l + w*l + 1344. Does 80 divide d?
False
Let b(n) = -5259*n + 758. Is b(-6) a multiple of 14?
True
Suppose 4*s - 2753 - 1159 = 0. Let p = -564 + s. Does 13 divide p/4 - (-4)/16*2?
True
Is (-2)/(4/(-733)) - (-126)/(-36) a multiple of 11?
True
Let j be 153802/(-198) + (-1)/(-9)*-2. Let q = -371 - j. Is q a multiple of 7?
True
Let r(y) = 5*y + 50. Suppose -70 = -2*c + 5*t, -10*t + 6*t = 2*c - 34. Suppose -29*x + 32 = -c*x. Does 15 divide r(x)?
True
Let i(p) = 679*p**2 - 76*p + 2. Is 41 a factor of i(2)?
False
Suppose 0 = 4*g + 45*j - 43*j - 15016, 3*g - j = 11252. Does 67 divide g?
